{"id":110,"date":"2021-04-29T16:48:21","date_gmt":"2021-04-30T00:48:21","guid":{"rendered":"http:\/\/preview.abc4it.com\/lesegesellschaft\/cms\/?page_id=110"},"modified":"2021-08-01T22:19:35","modified_gmt":"2021-08-02T06:19:35","slug":"aktuell","status":"publish","type":"page","link":"https:\/\/lesegesellschaft-horgen.ch\/cms\/aktuell\/","title":{"rendered":"N\u00e4chste Veranstaltungen"},"content":{"rendered":"\n<section class=\"wp-block-themeisle-blocks-advanced-columns alignfull has-1-columns has-desktop-equal-layout has-tablet-equal-layout has-mobile-equal-layout has-nogap-gap has-vertical-center\" id=\"wp-block-themeisle-blocks-advanced-columns-19c74cdf\"><div class=\"wp-block-themeisle-blocks-advanced-columns-overlay\"><\/div><div class=\"innerblocks-wrap\">\n<div class=\"wp-block-themeisle-blocks-advanced-column\" id=\"wp-block-themeisle-blocks-advanced-column-02eda930\">\n<h1 class=\"has-text-align-center has-nv-site-bg-color has-text-color wp-block-heading\">N\u00e4chste Veranstaltungen<\/h1>\n\n\n\n<p class=\"wp-block-paragraph\"><\/p>\n<\/div>\n<\/div><div class=\"wp-block-themeisle-blocks-advanced-columns-separators bottom\"><svg id=\"rightCurve\" fill=\"var(--nv-site-bg)\" viewbox=\"0 0 100 100\" width=\"100%\" height=\"100\" preserveaspectratio=\"none\" xmlns=\"http:\/\/www.w3.org\/2000\/svg\" class=\"\"><path d=\"M0 100 C 20 0 50 0 100 100 Z\"><\/path><\/svg><\/div><\/section>\n\n\n\n<div class=\"wp-block-themeisle-blocks-advanced-columns has-1-columns has-desktop-equal-layout has-tablet-equal-layout has-mobile-equal-layout has-default-gap has-vertical-unset\" id=\"wp-block-themeisle-blocks-advanced-columns-5327d73f\"><div class=\"wp-block-themeisle-blocks-advanced-columns-overlay\"><\/div><div class=\"innerblocks-wrap\">\n<div class=\"wp-block-themeisle-blocks-advanced-column\" id=\"wp-block-themeisle-blocks-advanced-column-8646ab6c\"><div class='containerAktuell'><div class='aktuellRow'><div class='columnAktuell'><div class='bildAktuell'><img src='https:\/\/lesegesellschaft-horgen.ch\/cms\/medien\/eventdatenbank\/Moul\u00fce---Supraplanung.jpg' alt='Vortrag: Chinas Supraplanung 2049 (Harro v. Senger)'><\/div><div class='aktuellContainer'><h3 class='jahresProgramm'>Vortrag: Chinas Supraplanung 2049 (Harro v. Senger)<\/h3><div class='aktuellText'><strong>\u201eSupraplanung\u201c<\/strong> bezeichnet in China die F\u00e4higkeit, \u00fcber Jahrzehnte hinweg ein \u00fcbergeordnetes Ziel zu verfolgen und darauf hinzuarbeiten. Dies wird u.\u202fa. von Harro von Senger in seinem Buch Moul\u00fce beschrieben und verweist auf eine Denkebene, die \u00fcber die \u00fcblichen westlichen Planhorizonte hinausgeht.\r\n\r\nIm Anschluss an die Ausf\u00fchrungen bietet sich die Gelegenheit f\u00fcr Fragen sowie eine gemeinsame Diskussion.\r\n\r\nGerne laden wir Sie auch ein zum anschliessenden Ap\u00e9ro, wo Sie auch B\u00fccher kaufen k\u00f6nnen.<\/div><a class='eventsButton' href='https:\/\/lesegesellschaft-horgen.ch\/cms\/allevents\/?a=200' target=\"_blank\" rel=\"noopener noreferrer\" onclick=\"var abc4itTab=window.open(this.href, '_blank'); if(abc4itTab){try{abc4itTab.opener=null;}catch(e){} abc4itTab.focus();} return false;\">Mehr erfahren<\/a><\/div><\/div><div class='columnAktuell'><div class='bildAktuell abc4it-event-image-missing' aria-label='Bild folgt' style='display:flex;align-items:center;justify-content:center;min-height:220px;background:#f2f2f2;'><span>Bild folgt<\/span><\/div><div class='aktuellContainer'><h3 class='jahresProgramm'>Szenische Lesung zum 200. Geburtstag von C.F. Meyer, Novelle \u201eDer Schuss von der Kanzel\u201c<\/h3><div class='aktuellText'>Informationen folgen<\/div><a class='eventsButton' href='https:\/\/lesegesellschaft-horgen.ch\/cms\/allevents\/?a=201' target=\"_blank\" rel=\"noopener noreferrer\" onclick=\"var abc4itTab=window.open(this.href, '_blank'); if(abc4itTab){try{abc4itTab.opener=null;}catch(e){} abc4itTab.focus();} return false;\">Mehr erfahren<\/a><\/div><\/div><div class='columnAktuell'><div class='bildAktuell'><img src='https:\/\/lesegesellschaft-horgen.ch\/cms\/medien\/eventdatenbank\/Christina.png' alt='Gospelkonzert \u201eWhat a wonderful world\u201c mit Christina Jaccard'><\/div><div class='aktuellContainer'><h3 class='jahresProgramm'>Gospelkonzert \u201eWhat a wonderful world\u201c mit Christina Jaccard<\/h3><div class='aktuellText'>Informationen folgen<\/div><a class='eventsButton' href='https:\/\/lesegesellschaft-horgen.ch\/cms\/allevents\/?a=202' target=\"_blank\" rel=\"noopener noreferrer\" onclick=\"var abc4itTab=window.open(this.href, '_blank'); if(abc4itTab){try{abc4itTab.opener=null;}catch(e){} abc4itTab.focus();} return false;\">Mehr erfahren<\/a><\/div><\/div><\/div><\/div>\n<\/div>\n<\/div><\/div>\n\n\n\n<p class=\"wp-block-paragraph\"><\/p>\n","protected":false},"excerpt":{"rendered":"","protected":false},"author":1,"featured_media":0,"parent":0,"menu_order":0,"comment_status":"closed","ping_status":"closed","template":"page-templates\/template-pagebuilder-full-width.php","meta":{"neve_meta_sidebar":"full-width","neve_meta_container":"","neve_meta_enable_content_width":"on","neve_meta_content_width":100,"neve_meta_title_alignment":"","neve_meta_author_avatar":"","neve_post_elements_order":"","neve_meta_disable_header":"","neve_meta_disable_footer":"","neve_meta_disable_title":"","_themeisle_gutenberg_block_has_review":false,"footnotes":""},"class_list":["post-110","page","type-page","status-publish","hentry"],"_links":{"self":[{"href":"https:\/\/lesegesellschaft-horgen.ch\/cms\/wp-json\/wp\/v2\/pages\/110","targetHints":{"allow":["GET"]}}],"collection":[{"href":"https:\/\/lesegesellschaft-horgen.ch\/cms\/wp-json\/wp\/v2\/pages"}],"about":[{"href":"https:\/\/lesegesellschaft-horgen.ch\/cms\/wp-json\/wp\/v2\/types\/page"}],"author":[{"embeddable":true,"href":"https:\/\/lesegesellschaft-horgen.ch\/cms\/wp-json\/wp\/v2\/users\/1"}],"replies":[{"embeddable":true,"href":"https:\/\/lesegesellschaft-horgen.ch\/cms\/wp-json\/wp\/v2\/comments?post=110"}],"version-history":[{"count":17,"href":"https:\/\/lesegesellschaft-horgen.ch\/cms\/wp-json\/wp\/v2\/pages\/110\/revisions"}],"predecessor-version":[{"id":835,"href":"https:\/\/lesegesellschaft-horgen.ch\/cms\/wp-json\/wp\/v2\/pages\/110\/revisions\/835"}],"wp:attachment":[{"href":"https:\/\/lesegesellschaft-horgen.ch\/cms\/wp-json\/wp\/v2\/media?parent=110"}],"curies":[{"name":"wp","href":"https:\/\/api.w.org\/{rel}","templated":true}]}}

Nächste Veranstaltungen

<section class="wp-block-themeisle-blocks-advanced-columns alignfull has-1-columns has-desktop-equal-layout has-tablet-equal-layout has-mobile-equal-layout has-nogap-gap has-vertical-center" id="wp-block-themeisle-blocks-advanced-columns-19c74cdf"><div class="wp-block-themeisle-blocks-advanced-columns-overlay"></div><div class="innerblocks-wrap">
<div class="wp-block-themeisle-blocks-advanced-column" id="wp-block-themeisle-blocks-advanced-column-02eda930">
<h1 class="has-text-align-center has-nv-site-bg-color has-text-color wp-block-heading">Nächste Veranstaltungen</h1>



<p class="wp-block-paragraph"></p>
</div>
</div><div class="wp-block-themeisle-blocks-advanced-columns-separators bottom"><svg id="rightCurve" fill="var(--nv-site-bg)" viewbox="0 0 100 100" width="100%" height="100" preserveaspectratio="none" xmlns="http://www.w3.org/2000/svg" class=""><path d="M0 100 C 20 0 50 0 100 100 Z"></path></svg></div></section>



<div class="wp-block-themeisle-blocks-advanced-columns has-1-columns has-desktop-equal-layout has-tablet-equal-layout has-mobile-equal-layout has-default-gap has-vertical-unset" id="wp-block-themeisle-blocks-advanced-columns-5327d73f"><div class="wp-block-themeisle-blocks-advanced-columns-overlay"></div><div class="innerblocks-wrap">
<div class="wp-block-themeisle-blocks-advanced-column" id="wp-block-themeisle-blocks-advanced-column-8646ab6c"><div class='containerAktuell'><div class='aktuellRow'><div class='columnAktuell'><div class='bildAktuell'><img src='https://lesegesellschaft-horgen.ch/cms/medien/eventdatenbank/Moulüe---Supraplanung.jpg' alt='Vortrag: Chinas Supraplanung 2049 (Harro v. Senger)'></div><div class='aktuellContainer'><h3 class='jahresProgramm'>Vortrag: Chinas Supraplanung 2049 (Harro v. Senger)</h3><div class='aktuellText'><strong>„Supraplanung“</strong> bezeichnet in China die Fähigkeit, über Jahrzehnte hinweg ein übergeordnetes Ziel zu verfolgen und darauf hinzuarbeiten. Dies wird u. a. von Harro von Senger in seinem Buch Moulüe beschrieben und verweist auf eine Denkebene, die über die üblichen westlichen Planhorizonte hinausgeht.

Im Anschluss an die Ausführungen bietet sich die Gelegenheit für Fragen sowie eine gemeinsame Diskussion.

Gerne laden wir Sie auch ein zum anschliessenden Apéro, wo Sie auch Bücher kaufen können.</div><a class='eventsButton' href='https://lesegesellschaft-horgen.ch/cms/allevents/?a=200' target="_blank" rel="noopener noreferrer" onclick="var abc4itTab=window.open(this.href, '_blank'); if(abc4itTab){try{abc4itTab.opener=null;}catch(e){} abc4itTab.focus();} return false;">Mehr erfahren</a></div></div><div class='columnAktuell'><div class='bildAktuell abc4it-event-image-missing' aria-label='Bild folgt' style='display:flex;align-items:center;justify-content:center;min-height:220px;background:#f2f2f2;'><span>Bild folgt</span></div><div class='aktuellContainer'><h3 class='jahresProgramm'>Szenische Lesung zum 200. Geburtstag von C.F. Meyer, Novelle „Der Schuss von der Kanzel“</h3><div class='aktuellText'>Informationen folgen</div><a class='eventsButton' href='https://lesegesellschaft-horgen.ch/cms/allevents/?a=201' target="_blank" rel="noopener noreferrer" onclick="var abc4itTab=window.open(this.href, '_blank'); if(abc4itTab){try{abc4itTab.opener=null;}catch(e){} abc4itTab.focus();} return false;">Mehr erfahren</a></div></div><div class='columnAktuell'><div class='bildAktuell'><img src='https://lesegesellschaft-horgen.ch/cms/medien/eventdatenbank/Christina.png' alt='Gospelkonzert „What a wonderful world“ mit Christina Jaccard'></div><div class='aktuellContainer'><h3 class='jahresProgramm'>Gospelkonzert „What a wonderful world“ mit Christina Jaccard</h3><div class='aktuellText'>Informationen folgen</div><a class='eventsButton' href='https://lesegesellschaft-horgen.ch/cms/allevents/?a=202' target="_blank" rel="noopener noreferrer" onclick="var abc4itTab=window.open(this.href, '_blank'); if(abc4itTab){try{abc4itTab.opener=null;}catch(e){} abc4itTab.focus();} return false;">Mehr erfahren</a></div></div></div></div>
</div>
</div></div>



<p class="wp-block-paragraph"></p>
